{"id":8479,"date":"2025-12-01T11:36:06","date_gmt":"2025-12-01T08:36:06","guid":{"rendered":"https:\/\/klasikdusunceokulu.com\/?page_id=8479"},"modified":"2025-12-01T11:36:06","modified_gmt":"2025-12-01T08:36:06","slug":"omer-turker-kadi-abdulcebbar-serhul-usulil-hamse","status":"publish","type":"page","link":"https:\/\/klasikdusunceokulu.com\/index.php\/omer-turker-kadi-abdulcebbar-serhul-usulil-hamse\/","title":{"rendered":"\u00d6MER T\u00dcRKER, K\u00c2D\u00ce ABD\u00dcLCEBB\u00c2R, \u015eERHU&#8217;L-US\u00dbL\u0130&#8217;L-HAMSE"},"content":{"rendered":"<p><a href=\"https:\/\/klasikdusunceokulu.com\/index.php\/omer-turker-kadi-abdulcebbar-serhul-usulil-hamse-1-seminer-ozeti\/\"><strong><span style=\"color: #3b5160;\">\u00d6MER T\u00dcRKER, K\u00c2D\u00ce ABD\u00dcLCEBB\u00c2R, \u015eERHU&#8217;L-US\u00dbL\u0130&#8217;L-HAMSE 1. SEM\u0130NER \u00d6ZET\u0130<\/span><\/strong><\/a><\/p>\n<p><a href=\"https:\/\/klasikdusunceokulu.com\/index.php\/omer-turker-kadi-abdulcebbar-serhul-usulil-hamse-2-seminer-ozeti\/\"><strong><span style=\"color: #3b5160;\">\u00d6MER T\u00dcRKER, K\u00c2D\u00ce ABD\u00dcLCEBB\u00c2R, \u015eERHU&#8217;L-US\u00dbL\u0130&#8217;L-HAMSE 2. SEM\u0130NER \u00d6ZET\u0130<\/span><\/strong><\/a><\/p>\n<p><a href=\"https:\/\/klasikdusunceokulu.com\/index.php\/omer-turker-kadi-abdulcebbar-serhul-usulil-hamse-3-seminer-ozeti\/\"><strong><span style=\"color: #3b5160;\">\u00d6MER T\u00dcRKER, K\u00c2D\u00ce ABD\u00dcLCEBB\u00c2R, \u015eERHU&#8217;L-US\u00dbL\u0130&#8217;L-HAMSE 3. SEM\u0130NER \u00d6ZET\u0130<\/span><\/strong><\/a><\/p>\n<p><a href=\"https:\/\/klasikdusunceokulu.com\/index.php\/omer-turker-kadi-abdulcebbar-serhul-usulil-hamse-4-seminer-ozeti\/\"><strong><span style=\"color: #3b5160;\">\u00d6MER T\u00dcRKER, K\u00c2D\u00ce ABD\u00dcLCEBB\u00c2R, \u015eERHU&#8217;L-US\u00dbL\u0130&#8217;L-HAMSE 4. SEM\u0130NER \u00d6ZET\u0130<\/span><\/strong><\/a><\/p>\n<p><a href=\"https:\/\/klasikdusunceokulu.com\/index.php\/omer-turker-kadi-abdulcebbar-serhul-usulil-hamse-5-seminer-ozeti\/\"><strong><span style=\"color: #3b5160;\">\u00d6MER T\u00dcRKER, K\u00c2D\u00ce ABD\u00dcLCEBB\u00c2R, \u015eERHU&#8217;L-US\u00dbL\u0130&#8217;L-HAMSE 5. SEM\u0130NER \u00d6ZET\u0130<\/span><\/strong><\/a><\/p>\n<p><a href=\"https:\/\/klasikdusunceokulu.com\/index.php\/omer-turker-kadi-abdulcebbar-serhul-usulil-hamse-6-seminer-ozeti\/\"><strong><span style=\"color: #3b5160;\">\u00d6MER T\u00dcRKER, K\u00c2D\u00ce ABD\u00dcLCEBB\u00c2R, \u015eERHU&#8217;L-US\u00dbL\u0130&#8217;L-HAMSE 6. SEM\u0130NER \u00d6ZET\u0130<\/span><\/strong><\/a><\/p>\n<p><a href=\"https:\/\/klasikdusunceokulu.com\/index.php\/omer-turker-kadi-abdulcebbar-serhul-usulil-hamse-7-seminer-ozeti\/\"><strong><span style=\"color: #3b5160;\">\u00d6MER T\u00dcRKER, K\u00c2D\u00ce ABD\u00dcLCEBB\u00c2R, \u015eERHU&#8217;L-US\u00dbL\u0130&#8217;L-HAMSE 7. SEM\u0130NER \u00d6ZET\u0130<\/span><\/strong><\/a><\/p>\n","protected":false},"excerpt":{"rendered":"<p>\u00d6MER T\u00dcRKER, K\u00c2D\u00ce ABD\u00dcLCEBB\u00c2R, \u015eERHU&#8217;L-US\u00dbL\u0130&#8217;L-HAMSE 1. SEM\u0130NER \u00d6ZET\u0130 \u00d6MER T\u00dcRKER, [&hellip;]<\/p>\n","protected":false},"author":1,"featured_media":0,"parent":0,"menu_order":0,"comment_status":"closed","ping_status":"closed","template":"","meta":{"footnotes":""},"class_list":["post-8479","page","type-page","status-publish","hentry"],"jetpack_sharing_enabled":true,"_links":{"self":[{"href":"https:\/\/klasikdusunceokulu.com\/index.php\/wp-json\/wp\/v2\/pages\/8479","targetHints":{"allow":["GET"]}}],"collection":[{"href":"https:\/\/klasikdusunceokulu.com\/index.php\/wp-json\/wp\/v2\/pages"}],"about":[{"href":"https:\/\/klasikdusunceokulu.com\/index.php\/wp-json\/wp\/v2\/types\/page"}],"author":[{"embeddable":true,"href":"https:\/\/klasikdusunceokulu.com\/index.php\/wp-json\/wp\/v2\/users\/1"}],"replies":[{"embeddable":true,"href":"https:\/\/klasikdusunceokulu.com\/index.php\/wp-json\/wp\/v2\/comments?post=8479"}],"version-history":[{"count":1,"href":"https:\/\/klasikdusunceokulu.com\/index.php\/wp-json\/wp\/v2\/pages\/8479\/revisions"}],"predecessor-version":[{"id":8494,"href":"https:\/\/klasikdusunceokulu.com\/index.php\/wp-json\/wp\/v2\/pages\/8479\/revisions\/8494"}],"wp:attachment":[{"href":"https:\/\/klasikdusunceokulu.com\/index.php\/wp-json\/wp\/v2\/media?parent=8479"}],"curies":[{"name":"wp","href":"https:\/\/api.w.org\/{rel}","templated":true}]}}