{"id":8622,"date":"2025-12-01T22:11:14","date_gmt":"2025-12-01T19:11:14","guid":{"rendered":"https:\/\/klasikdusunceokulu.com\/?page_id=8622"},"modified":"2025-12-01T22:11:14","modified_gmt":"2025-12-01T19:11:14","slug":"mehmet-zahit-tiryaki-ibn-sina-kitabun-nefs","status":"publish","type":"page","link":"https:\/\/klasikdusunceokulu.com\/index.php\/mehmet-zahit-tiryaki-ibn-sina-kitabun-nefs\/","title":{"rendered":"MEHMET ZAH\u0130T T\u0130RYAK\u0130, \u0130BN S\u0130NA, K\u0130TABU&#8217;N NEFS"},"content":{"rendered":"<p><a href=\"https:\/\/klasikdusunceokulu.com\/index.php\/mehmet-zahit-tiryaki-ibn-sina-kitabun-nefs-1-seminer-ozeti\/\"><span style=\"color: #3b5160;\"><strong>MEHMET ZAH\u0130T T\u0130RYAK\u0130, \u0130BN S\u0130NA, K\u0130TABU&#8217;N NEFS 1. SEM\u0130NER \u00d6ZET\u0130<\/strong><\/span><\/a><\/p>\n<p><a href=\"https:\/\/klasikdusunceokulu.com\/index.php\/mehmet-zahit-tiryaki-ibn-sina-kitabun-nefs-2-seminer-ozeti\/\"><span style=\"color: #3b5160;\"><strong>MEHMET ZAH\u0130T T\u0130RYAK\u0130, \u0130BN S\u0130NA, K\u0130TABU&#8217;N NEFS 2. SEM\u0130NER \u00d6ZET\u0130<\/strong><\/span><\/a><\/p>\n<p><a href=\"https:\/\/klasikdusunceokulu.com\/index.php\/mehmet-zahit-tiryaki-ibn-sina-kitabun-nefs-3-seminer-ozeti\/\"><span style=\"color: #3b5160;\"><strong>MEHMET ZAH\u0130T T\u0130RYAK\u0130, \u0130BN S\u0130NA, K\u0130TABU&#8217;N NEFS 3. SEM\u0130NER \u00d6ZET\u0130<\/strong><\/span><\/a><\/p>\n<p><a href=\"https:\/\/klasikdusunceokulu.com\/index.php\/mehmet-zahit-tiryaki-ibn-sina-kitabun-nefs-4-seminer-ozeti\/\"><span style=\"color: #3b5160;\"><strong>MEHMET ZAH\u0130T T\u0130RYAK\u0130, \u0130BN S\u0130NA, K\u0130TABU&#8217;N NEFS 4. SEM\u0130NER \u00d6ZET\u0130<\/strong><\/span><\/a><\/p>\n<p><a href=\"https:\/\/klasikdusunceokulu.com\/index.php\/mehmet-zahit-tiryaki-ibn-sina-kitabun-nefs-5-seminer-ozeti\/\"><span style=\"color: #3b5160;\"><strong>MEHMET ZAH\u0130T T\u0130RYAK\u0130, \u0130BN S\u0130NA, K\u0130TABU&#8217;N NEFS 5. SEM\u0130NER \u00d6ZET\u0130<\/strong><\/span><\/a><\/p>\n<p><a href=\"https:\/\/klasikdusunceokulu.com\/index.php\/mehmet-zahit-tiryaki-ibn-sina-kitabun-nefs-6-seminer-ozeti\/\"><span style=\"color: #3b5160;\"><strong>MEHMET ZAH\u0130T T\u0130RYAK\u0130, \u0130BN S\u0130NA, K\u0130TABU&#8217;N NEFS 6. SEM\u0130NER \u00d6ZET\u0130<\/strong><\/span><\/a><\/p>\n","protected":false},"excerpt":{"rendered":"<p>MEHMET ZAH\u0130T T\u0130RYAK\u0130, \u0130BN S\u0130NA, K\u0130TABU&#8217;N NEFS 1. SEM\u0130NER \u00d6ZET\u0130 [&hellip;]<\/p>\n","protected":false},"author":1,"featured_media":0,"parent":0,"menu_order":0,"comment_status":"closed","ping_status":"closed","template":"","meta":{"footnotes":""},"class_list":["post-8622","page","type-page","status-publish","hentry"],"jetpack_sharing_enabled":true,"_links":{"self":[{"href":"https:\/\/klasikdusunceokulu.com\/index.php\/wp-json\/wp\/v2\/pages\/8622","targetHints":{"allow":["GET"]}}],"collection":[{"href":"https:\/\/klasikdusunceokulu.com\/index.php\/wp-json\/wp\/v2\/pages"}],"about":[{"href":"https:\/\/klasikdusunceokulu.com\/index.php\/wp-json\/wp\/v2\/types\/page"}],"author":[{"embeddable":true,"href":"https:\/\/klasikdusunceokulu.com\/index.php\/wp-json\/wp\/v2\/users\/1"}],"replies":[{"embeddable":true,"href":"https:\/\/klasikdusunceokulu.com\/index.php\/wp-json\/wp\/v2\/comments?post=8622"}],"version-history":[{"count":1,"href":"https:\/\/klasikdusunceokulu.com\/index.php\/wp-json\/wp\/v2\/pages\/8622\/revisions"}],"predecessor-version":[{"id":8635,"href":"https:\/\/klasikdusunceokulu.com\/index.php\/wp-json\/wp\/v2\/pages\/8622\/revisions\/8635"}],"wp:attachment":[{"href":"https:\/\/klasikdusunceokulu.com\/index.php\/wp-json\/wp\/v2\/media?parent=8622"}],"curies":[{"name":"wp","href":"https:\/\/api.w.org\/{rel}","templated":true}]}}