{"id":8636,"date":"2025-12-01T22:15:15","date_gmt":"2025-12-01T19:15:15","guid":{"rendered":"https:\/\/klasikdusunceokulu.com\/?page_id=8636"},"modified":"2025-12-01T22:15:15","modified_gmt":"2025-12-01T19:15:15","slug":"mehmet-ozturan-katibi-semsiyye","status":"publish","type":"page","link":"https:\/\/klasikdusunceokulu.com\/index.php\/mehmet-ozturan-katibi-semsiyye\/","title":{"rendered":"MEHMET \u00d6ZTURAN, K\u00c2T\u0130B\u00ce, \u015eEMS\u0130YYE"},"content":{"rendered":"<p><a href=\"https:\/\/klasikdusunceokulu.com\/index.php\/mehmet-ozturan-katibi-semsiyye-1-seminer-ozeti\/\"><span style=\"color: #3b5160;\"><strong>MEHMET \u00d6ZTURAN, K\u00c2T\u0130B\u00ce, \u015eEMS\u0130YYE 1. SEM\u0130NER \u00d6ZET\u0130<\/strong><\/span><\/a><\/p>\n<p><a href=\"https:\/\/klasikdusunceokulu.com\/index.php\/mehmet-ozturan-katibi-semsiyye-2-seminer-ozeti\/\"><span style=\"color: #3b5160;\"><strong>MEHMET \u00d6ZTURAN, K\u00c2T\u0130B\u00ce, \u015eEMS\u0130YYE 2. SEM\u0130NER \u00d6ZET\u0130<\/strong><\/span><\/a><\/p>\n<p><a href=\"https:\/\/klasikdusunceokulu.com\/index.php\/mehmet-ozturan-katibi-semsiyye-3-seminer-ozeti\/\"><span style=\"color: #3b5160;\"><strong>MEHMET \u00d6ZTURAN, K\u00c2T\u0130B\u00ce, \u015eEMS\u0130YYE 3. SEM\u0130NER \u00d6ZET\u0130<\/strong><\/span><\/a><\/p>\n<p><a href=\"https:\/\/klasikdusunceokulu.com\/index.php\/mehmet-ozturan-katibi-semsiyye-4-seminer-ozeti\/\"><span style=\"color: #3b5160;\"><strong>MEHMET \u00d6ZTURAN, K\u00c2T\u0130B\u00ce, \u015eEMS\u0130YYE 4. SEM\u0130NER \u00d6ZET\u0130<\/strong><\/span><\/a><\/p>\n<p><a href=\"https:\/\/klasikdusunceokulu.com\/index.php\/mehmet-ozturan-katibi-semsiyye-5-seminer-ozeti\/\"><span style=\"color: #3b5160;\"><strong>MEHMET \u00d6ZTURAN, K\u00c2T\u0130B\u00ce, \u015eEMS\u0130YYE 5. SEM\u0130NER \u00d6ZET\u0130<\/strong><\/span><\/a><\/p>\n","protected":false},"excerpt":{"rendered":"<p>MEHMET \u00d6ZTURAN, K\u00c2T\u0130B\u00ce, \u015eEMS\u0130YYE 1. SEM\u0130NER \u00d6ZET\u0130 MEHMET \u00d6ZTURAN, K\u00c2T\u0130B\u00ce, [&hellip;]<\/p>\n","protected":false},"author":1,"featured_media":0,"parent":0,"menu_order":0,"comment_status":"closed","ping_status":"closed","template":"","meta":{"footnotes":""},"class_list":["post-8636","page","type-page","status-publish","hentry"],"jetpack_sharing_enabled":true,"_links":{"self":[{"href":"https:\/\/klasikdusunceokulu.com\/index.php\/wp-json\/wp\/v2\/pages\/8636","targetHints":{"allow":["GET"]}}],"collection":[{"href":"https:\/\/klasikdusunceokulu.com\/index.php\/wp-json\/wp\/v2\/pages"}],"about":[{"href":"https:\/\/klasikdusunceokulu.com\/index.php\/wp-json\/wp\/v2\/types\/page"}],"author":[{"embeddable":true,"href":"https:\/\/klasikdusunceokulu.com\/index.php\/wp-json\/wp\/v2\/users\/1"}],"replies":[{"embeddable":true,"href":"https:\/\/klasikdusunceokulu.com\/index.php\/wp-json\/wp\/v2\/comments?post=8636"}],"version-history":[{"count":1,"href":"https:\/\/klasikdusunceokulu.com\/index.php\/wp-json\/wp\/v2\/pages\/8636\/revisions"}],"predecessor-version":[{"id":8647,"href":"https:\/\/klasikdusunceokulu.com\/index.php\/wp-json\/wp\/v2\/pages\/8636\/revisions\/8647"}],"wp:attachment":[{"href":"https:\/\/klasikdusunceokulu.com\/index.php\/wp-json\/wp\/v2\/media?parent=8636"}],"curies":[{"name":"wp","href":"https:\/\/api.w.org\/{rel}","templated":true}]}}